mmon divisor of 8 and f.
4
Let p = -14 + 26. Let u = 25 - p. Let w be 2/7 + 906/14. What is the greatest common factor of u and w?
13
Let f = -15 + 21. What is the highest common factor of f and 18?
6
Suppose -3*f + 5*h + 114 = -2*f, 0 = -f - 5*h + 94. What is the highest common divisor of 13 and f?
13
Suppose 0 = -10*o + 11*o - 16. Calculate the greatest common divisor of 48 and o.
16
Let c = 49 - -77. Let k(y) = y**2 - 3*y - 4. Let r be k(6). Calculate the greatest common divisor of c and r.
14
Let z(s) = -s**3 + 5*s**2 - 3*s + 1. Let b be z(3). What is the greatest common factor of b and 4?
2
Let h = -9 - -17. Let l = 20 + 52. What is the highest common divisor of h and l?
8
Let z be 2095/20 - (-6)/(-8). Calculate the highest common factor of 13 and z.
13
Let t = -6 + -4. Let g = t + 10. Let w be (-2 + g - 0)*-1. What is the greatest common divisor of w and 8?
2
Let k(x) = -5*x**3 - 4*x**2 + x + 4. Let c be k(-3). Calculate the greatest common factor of c and 40.
20
Suppose 4*m - 99 - 13 = 0. Suppose -2*n + 4*n = m. What is the greatest common divisor of n and 154?
14
Suppose -2*s + 4 = -0*s. What is the highest common divisor of s and 2?
2
Let m = -10 - -31. Suppose -93 = -5*a - 3*f, -a = -2*f - 28 - 1. What is the highest common divisor of m and a?
21
Let k be 2/8 - 539/(-4). Let c be k/10 + 1/(-2). Let d be 13/((-2)/(-44)*2). Calculate the highest common factor of c and d.
13
Let r(a) = a - 1. Let y be r(9). Let q be (-2)/6 + 242/6. What is the highest common divisor of q and y?
8
Suppose y - 3 = 4*y, 0 = 3*m - 3*y - 33. Suppose -z + m + 4 = 0. Let n be z + (-1 - (-2 - -2)). Calculate the greatest common factor of 91 and n.
13
Let o(i) = i**2 - 5*i + 2. Let c be o(4). Let j(f) = -97*f + 4. Let v be j(c). What is the greatest common divisor of v and 18?
18
Let x = 0 + 3. Let d(i) = 11 + x + i - i**3 + 2*i**3. Let a be d(0). What is the greatest common factor of 98 and a?
14
Let o(u) = 4*u**2 - 10*u + 4. Let y be o(4). What is the greatest common factor of 4 and y?
4
Let t = -1 - -1. Suppose -c = 0, 2*r + 3*c = -t*r + 164. Suppose j - 4*f - 76 = -0*j, -r = -j + 2*f. Calculate the highest common divisor of j and 22.
22
Suppose 3*h - 4 - 29 = 0. What is the greatest common divisor of h and 22?
11
Suppose 32 = -5*a - 2*h - 3, -4*h - 20 = 0. Let z be 0 - -2 - 0/a. Suppose 28 = 3*c - z*c. Calculate the highest common divisor of c and 70.
14
Suppose 2*q - 5*d - 165 = 0, -3*q + 5*d = -2*q - 75. What is the greatest common divisor of q and 10?
10
Let l be (-32)/(-240) + (-28)/(-15). Let d be ((-28)/6)/(1/(-3)). What is the greatest common divisor of l and d?
2
Let l = 32 - 28. Let p = -15 + 31. What is the greatest common divisor of l and p?
4
Let k = 61 - 41. What is the highest common divisor of 180 and k?
20
Suppose 4 = -m - 4*n - 7, -3*m - 3*n = 6. Let j(g) = 45*g**3 - 2*g**2 + g. Let x be j(m). Calculate the highest common divisor of 66 and x.
22
Let d = -42 - -73. Let a = d - -81. Let v(i) = -i**2 - 8*i + 9. Let c be v(-7). What is the highest common factor of a and c?
16
Let k(l) = -l**3 + 4*l**2 - l - 3. Let c be k(3). Suppose -c*f + 56 = -2*f. What is the highest common factor of 7 and f?
7
Suppose 2*n - 8 = -a, -a + 0 = 2. Suppose 5*p = -n*d + 590, d = p + 4*d - 112. What is the greatest common divisor of 11 and p?
11
Let b = -28 + 44. Suppose 0 = -g - 0 + 3. Suppose -2 = -4*x + 2, -j + g*x + 1 = 0. Calculate the greatest common divisor of j and b.
4
Let c be 4*(2/8)/((-1)/(-6)). Calculate the highest common factor of 8 and c.
2
Let g be 1/(-3) + (10108/(-12))/(-7). Let m be (-3 + 6)/(2/16). What is the greatest common factor of m and g?
24
Let c(x) = -x**2 - 13*x + 5. Let h be c(-11). What is the highest common factor of 3 and h?
3
Let y(s) = -s - 12. Let q be y(-9). Let k be (q - (-3 + 0))/(-2). Let i(a) = -a**2 - a + 24. Let h be i(k). Calculate the highest common divisor of h and 120.
24
Let x = -19 + 35. Let y be 39/(-4) + (-6)/24. Let r = x + y. What is the highest common divisor of r and 66?
6
Let u = -1 - -55. Let a = 11 - 7. Suppose -3*y + 62 = -a*v - 38, -3*v - 174 = -5*y. Calculate the highest common divisor of y and u.
18
Let n(h) = -h - 3. Let y be n(-5). Let j = 2 - y. Suppose -d + 0*d + 3*p = j, 0 = -5*d - 4*p + 76. Calculate the greatest common divisor of 48 and d.
12
Let g(a) = -a - 2*a**2 - a**3 + 9 - 2*a**2 + 0*a**2 - 3*a**2. Let j be g(-7). What is the highest common divisor of j and 24?
8
Let p = 21 - 8. Let u(a) = -a**3 + 14*a**2 - 8*a - 19. Let i be u(p). What is the highest common divisor of i and 115?
23
Let p be 11/(2*(-2)/(-4)). Let x be (-548)/(-10) + 2/10. What is the highest common divisor of x and p?
11
Let x be (8/(-10))/(6/(-15)). Suppose f - 2*f - b = -22, 3*f + x*b - 63 = 0. What is the highest common divisor of 114 and f?
19
Let g(t) = -t**2 + 2*t + 3. Let q = 5 - 2. Let p be g(q). Suppose 4*d - 48 + 16 = p. Calculate the greatest common divisor of 20 and d.
4
Let l(n) = n**2 + 2*n - 7. Let x be l(7). What is the greatest common factor of 7 and x?
7
Let t = -6 + 19. Let f = t - 8. Let n be 70/(-2)*(-1)/1. Calculate the greatest common divisor of f and n.
5
Suppose -9 = -x - 4. Suppose -2*d + 3*u + 41 + x = 0, -99 = -3*d - 3*u. Let b be (d - 2)/(2/2). Calculate the highest common factor of b and 18.
9
Suppose 22 = -2*u + 58. Suppose c = g - 4*c + 10, -g = 2*c - u. What is the greatest common factor of 5 and g?
5
Let t(p) = -14*p - 1. Let b be t(3). Let d be 45*-1*(-1 + 0). Let m = d - b. What is the greatest common factor of 8 and m?
8
Suppose -2*a + 3*a = 14. Let z be (-1 - -60) + (0 - 3). Calculate the greatest common factor of z and a.
14
Let m(y) = 3*y + 12. Let j be m(6). What is the greatest common divisor of 20 and j?
10
Let k be 4/(-1) + 18 - 4. What is the greatest common divisor of k and 40?
10
Let k(f) = -2*f**3 - 6*f**2 + 3*f + 5. Let y = -3 - 2. Let i be k(y). What is the greatest common factor of i and 10?
10
Let y(z) = z**2 + 12*z + 16. Let d be y(-11). What is the highest common factor of d and 1?
1
Let w be -26*(-4)/4 - 4. What is the highest common factor of w and 88?
22
Let h(u) be the first derivative of -29*u**2/2 + u + 1. Let v be h(-1). Calculate the greatest common factor of v and 6.
6
Let t(h) = 3*h + 42. Let i be t(-13). Calculate the greatest common divisor of 2 and i.
1
Suppose -4*u - 2*x + 62 = 0, 4*u - 2*x - x = 77. Suppose 3*c + 5*k - u = 3*k, 4*k - 28 = -4*c. What is the highest common factor of 27 and c?
3
Suppose 2*s = -0*s - 2, a - 1 = -2*s. Suppose -3 = -q + a*h + 3, 0 = -2*q - h + 26. What is the greatest common factor of 132 and q?
12
Suppose 0 = -2*k + 8, 0 = 4*i + 2*k - k - 24. Let d be 28*i - 0/(-2). Suppose -c - 4*c = -d. What is the greatest common divisor of 70 and c?
14
Let t(a) = 197*a + 5. Let k be t(5). Suppose -25 = 5*l, 2*l - k = -2*s - 3*s. What is the highest common factor of 25 and s?
25
Let a(m) = -m**2 + 5*m + 7. Let i be a(6). What is the greatest common divisor of 9 and i?
1
Let r = 14 + -8. Let d be 18/r*95/3. Calculate the highest common factor of 38 and d.
19
Suppose -g + 2*d + 130 - 17 = 0, 108 = g - d. Suppose 4*x - g = 17. Let q = -4 + 24. What is the greatest common factor of q and x?
10
Let k = 23 + -2. What is the greatest common factor of k and 7?
7
Let t(x) = x**2 + 4*x - 1. Let j be t(-5). What is the highest common divisor of j and 24?
4
Suppose j = 6*j - 15. Suppose 4*v = 7*h - j*h - 32, 3*h + 4*v = 17. Calculate the greatest common factor of h and 77.
7
Let b(u) = 13*u - 1. Let t be b(-1). Let s = -8 - t. What is the highest common divisor of s and 2?
2
Let z be ((-12)/(-5))/((-13)/(-260)). What is the greatest common factor of 16 and z?
16
Let f = 203 - -13. Calculate the highest common divisor of 24 and f.
24
Let o be (3 + 306/(-14))/(3/(-21)). Calculate the greatest common divisor of 12 and o.
12
Let w(u) = 10*u + 8. Let y be w(6). Let n = 142 - y. Let o be (-1)/2 + n/4. What is the greatest common factor of o and 36?
18
Let u be (-2)/(-6) + 11/3. Let q(y) = -y**2 + 5*y - 1. Let r be q(u). Let z be (-15)/10*(-14)/r. Calculate the greatest common factor of 21 and z.
7
Suppose 6*z - 77 = -z. Let a = -855 - -265. Let c be a/(-6) - (-2)/3. What is the highest common divisor of z and c?
11
Let t = -5 + 159. Calculate the greatest